{"id":4864,"date":"2025-04-05T08:49:19","date_gmt":"2025-04-05T06:49:19","guid":{"rendered":"https:\/\/www.coambib.org\/?post_type=empresas&#038;p=4864"},"modified":"2026-04-26T18:24:06","modified_gmt":"2026-04-26T16:24:06","slug":"jorge-gimenez-ibanez","status":"publish","type":"empresas","link":"https:\/\/www.coambib.org\/es\/empresas\/jorge-gimenez-ibanez\/","title":{"rendered":"Jorge Gim\u00e9nez Ib\u00e1\u00f1ez"},"content":{"rendered":"<p>Consultor especializado en evaluaci\u00f3n ambiental de proyectos y planes, del \u00e1mbito terrestre y marino, de las Illes Balears. Estudios Impacto Ambiental, Documentos Ambientales, Evaluaci\u00f3n Repercusiones Ambientales, Compatibilidad Estrategias Marinas, Incidencia Paisaj\u00edstica, Cambio Clim\u00e1tico, etc.<\/p>","protected":false},"author":658,"featured_media":4865,"template":"","directorio_empresa":[271],"etiqueta_empresa":[],"class_list":["post-4864","empresas","type-empresas","status-publish","has-post-thumbnail","hentry","directorio_empresa-empresas-ambientologas","generate-columns","tablet-grid-50","mobile-grid-100","grid-parent","grid-50"],"acf":{"empresa_telefono":650176075,"empresa_whatsapp":"","empresa_email":"jorgegimib@gmail.com","empresa_direccion":"C\/ Bartomeu Ferr\u00e0 1, 2-izq","empresa_cp":"07002","empresa_poblacion":"Palma","empresa_provincia":"Illes Balears","empresa_website":"","empresa_facebook":"","empresa_linkedin":"https:\/\/www.linkedin.com\/in\/jorgegimib","empresa_instagram":""},"_links":{"self":[{"href":"https:\/\/www.coambib.org\/es\/wp-json\/wp\/v2\/empresas\/4864","targetHints":{"allow":["GET"]}}],"collection":[{"href":"https:\/\/www.coambib.org\/es\/wp-json\/wp\/v2\/empresas"}],"about":[{"href":"https:\/\/www.coambib.org\/es\/wp-json\/wp\/v2\/types\/empresas"}],"author":[{"embeddable":true,"href":"https:\/\/www.coambib.org\/es\/wp-json\/wp\/v2\/users\/658"}],"wp:featuredmedia":[{"embeddable":true,"href":"https:\/\/www.coambib.org\/es\/wp-json\/wp\/v2\/media\/4865"}],"wp:attachment":[{"href":"https:\/\/www.coambib.org\/es\/wp-json\/wp\/v2\/media?parent=4864"}],"wp:term":[{"taxonomy":"directorio_empresa","embeddable":true,"href":"https:\/\/www.coambib.org\/es\/wp-json\/wp\/v2\/directorio_empresa?post=4864"},{"taxonomy":"etiqueta_empresa","embeddable":true,"href":"https:\/\/www.coambib.org\/es\/wp-json\/wp\/v2\/etiqueta_empresa?post=4864"}],"curies":[{"name":"wp","href":"https:\/\/api.w.org\/{rel}","templated":true}]}}

Jorge Giménez Ibáñez

<p>Consultor especializado en evaluación ambiental de proyectos y planes, del ámbito terrestre y marino, de las Illes Balears. Estudios Impacto Ambiental, Documentos Ambientales, Evaluación Repercusiones Ambientales, Compatibilidad Estrategias Marinas, Incidencia Paisajística, Cambio Climático, etc.</p>

C/ Bartomeu Ferrà 1, 2-izq
