{"id":5032,"date":"2025-04-28T19:53:52","date_gmt":"2025-04-28T17:53:52","guid":{"rendered":"https:\/\/www.coambib.org\/?post_type=empresas&#038;p=5032"},"modified":"2026-04-26T18:24:06","modified_gmt":"2026-04-26T16:24:06","slug":"gesto-ambiental","status":"publish","type":"empresas","link":"https:\/\/www.coambib.org\/es\/empresas\/gesto-ambiental\/","title":{"rendered":"Gesto Ambiental"},"content":{"rendered":"<p>Gesto Ambiental es una consultor\u00eda especializada en sostenibilidad, participaci\u00f3n ciudadana, educaci\u00f3n ambiental y gesti\u00f3n de la calidad. Desde las Illes Balears impulsa proyectos innovadores hacia un futuro sostenible, m\u00e1s justo y responsable, ofreciendo soluciones a medida para instituciones y empresas.<\/p>","protected":false},"author":678,"featured_media":5033,"template":"","directorio_empresa":[271],"etiqueta_empresa":[],"class_list":["post-5032","empresas","type-empresas","status-publish","has-post-thumbnail","hentry","directorio_empresa-empresas-ambientologas","generate-columns","tablet-grid-50","mobile-grid-100","grid-parent","grid-50"],"acf":{"empresa_telefono":627724850,"empresa_whatsapp":"","empresa_email":"info@gestambiental.es","empresa_direccion":"C\/ Costa de Sant Salvador s\/n Despatx n\u00fam. 4","empresa_cp":"07570","empresa_poblacion":"Art\u00e0","empresa_provincia":"Illes Balears","empresa_website":"https:\/\/www.gestambiental.es\/","empresa_facebook":"https:\/\/www.facebook.com\/Gestambiental1\/#","empresa_linkedin":"https:\/\/www.linkedin.com\/company\/gest-ambiental\/","empresa_instagram":""},"_links":{"self":[{"href":"https:\/\/www.coambib.org\/es\/wp-json\/wp\/v2\/empresas\/5032","targetHints":{"allow":["GET"]}}],"collection":[{"href":"https:\/\/www.coambib.org\/es\/wp-json\/wp\/v2\/empresas"}],"about":[{"href":"https:\/\/www.coambib.org\/es\/wp-json\/wp\/v2\/types\/empresas"}],"author":[{"embeddable":true,"href":"https:\/\/www.coambib.org\/es\/wp-json\/wp\/v2\/users\/678"}],"wp:featuredmedia":[{"embeddable":true,"href":"https:\/\/www.coambib.org\/es\/wp-json\/wp\/v2\/media\/5033"}],"wp:attachment":[{"href":"https:\/\/www.coambib.org\/es\/wp-json\/wp\/v2\/media?parent=5032"}],"wp:term":[{"taxonomy":"directorio_empresa","embeddable":true,"href":"https:\/\/www.coambib.org\/es\/wp-json\/wp\/v2\/directorio_empresa?post=5032"},{"taxonomy":"etiqueta_empresa","embeddable":true,"href":"https:\/\/www.coambib.org\/es\/wp-json\/wp\/v2\/etiqueta_empresa?post=5032"}],"curies":[{"name":"wp","href":"https:\/\/api.w.org\/{rel}","templated":true}]}}

<p>Gesto Ambiental es una consultoría especializada en sostenibilidad, participación ciudadana, educación ambiental y gestión de la calidad. Desde las Illes Balears impulsa proyectos innovadores hacia un futuro sostenible, más justo y responsable, ofreciendo soluciones a medida para instituciones y empresas.</p>

C/ Costa de Sant Salvador s/n Despatx núm. 4

Artà
