{"id":5034,"date":"2025-04-30T11:10:26","date_gmt":"2025-04-30T09:10:26","guid":{"rendered":"https:\/\/www.coambib.org\/?post_type=empresas&#038;p=5034"},"modified":"2026-04-26T18:24:06","modified_gmt":"2026-04-26T16:24:06","slug":"fundacion-marillas","status":"publish","type":"empresas","link":"https:\/\/www.coambib.org\/es\/empresas\/fundacion-marillas\/","title":{"rendered":"Fundaci\u00f3 Marilles"},"content":{"rendered":"<p>La Fundaci\u00f3n Marilles es una organizaci\u00f3n sin \u00e1nimo de lucro con sede en Palma de Mallorca, dedicada a la conservaci\u00f3n del mar Balear y sus costas. Su misi\u00f3n es restaurar los ecosistemas marinos y costeros de las Islas Baleares hasta alcanzar un nivel de conservaci\u00f3n excelente.<\/p>","protected":false},"author":677,"featured_media":5035,"template":"","directorio_empresa":[271],"etiqueta_empresa":[],"class_list":["post-5034","empresas","type-empresas","status-publish","has-post-thumbnail","hentry","directorio_empresa-empresas-ambientologas","generate-columns","tablet-grid-50","mobile-grid-100","grid-parent","grid-50"],"acf":{"empresa_telefono":656192262,"empresa_whatsapp":"","empresa_email":"info@marilles.org","empresa_direccion":"Bisbe Perell\u00f3, 1, 7\u00e8","empresa_cp":"07002","empresa_poblacion":"Palma","empresa_provincia":"Illes Balears","empresa_website":"https:\/\/marilles.org\/","empresa_facebook":"","empresa_linkedin":"https:\/\/www.linkedin.com\/company\/marilles-foundation\/posts\/?feedView=all","empresa_instagram":"https:\/\/www.instagram.com\/marillesfoundation\/"},"_links":{"self":[{"href":"https:\/\/www.coambib.org\/es\/wp-json\/wp\/v2\/empresas\/5034","targetHints":{"allow":["GET"]}}],"collection":[{"href":"https:\/\/www.coambib.org\/es\/wp-json\/wp\/v2\/empresas"}],"about":[{"href":"https:\/\/www.coambib.org\/es\/wp-json\/wp\/v2\/types\/empresas"}],"author":[{"embeddable":true,"href":"https:\/\/www.coambib.org\/es\/wp-json\/wp\/v2\/users\/677"}],"wp:featuredmedia":[{"embeddable":true,"href":"https:\/\/www.coambib.org\/es\/wp-json\/wp\/v2\/media\/5035"}],"wp:attachment":[{"href":"https:\/\/www.coambib.org\/es\/wp-json\/wp\/v2\/media?parent=5034"}],"wp:term":[{"taxonomy":"directorio_empresa","embeddable":true,"href":"https:\/\/www.coambib.org\/es\/wp-json\/wp\/v2\/directorio_empresa?post=5034"},{"taxonomy":"etiqueta_empresa","embeddable":true,"href":"https:\/\/www.coambib.org\/es\/wp-json\/wp\/v2\/etiqueta_empresa?post=5034"}],"curies":[{"name":"wp","href":"https:\/\/api.w.org\/{rel}","templated":true}]}}

Fundació Marilles

<p>La Fundación Marilles es una organización sin ánimo de lucro con sede en Palma de Mallorca, dedicada a la conservación del mar Balear y sus costas. Su misión es restaurar los ecosistemas marinos y costeros de las Islas Baleares hasta alcanzar un nivel de conservación excelente.</p>

Bisbe Perelló, 1, 7è
