{"id":285,"date":"2021-05-30T13:05:16","date_gmt":"2021-05-30T11:05:16","guid":{"rendered":"https:\/\/www.coambclm.es\/?page_id=285"},"modified":"2023-10-29T20:27:04","modified_gmt":"2023-10-29T19:27:04","slug":"visado","status":"publish","type":"page","link":"https:\/\/www.coambib.org\/es\/servicios\/visado\/","title":{"rendered":"Visado y Reconocimiento de Firma"},"content":{"rendered":"<p>El visado y el reconocimiento de firma son dos de los servicios que ofrece el COAMBIB, y se encuentran definidos en el art\u00edculo 28 de los estatutos del colegio.<\/p>\r\n\r\n\r\n\r\n<p>La finalidad de este servicio es la de reconocer y acreditar de forma oficial los proyectos, estudios y trabajos redactados por los ambient\u00f3logos colegiados de las Illes Balears.<\/p>\r\n\r\n\r\n\r\n<h2 class=\"gb-headline gb-headline-720c61e2 gb-headline-text\"><strong>Visados de trabajos profesionales<\/strong><\/h2>\r\n\r\n\r\n\r\n<p>La importancia del visado:<\/p>\r\n\r\n\r\n\r\n<ul class=\"wp-block-list\">\r\n<li>El visado garantiza la identidad, titulaci\u00f3n y habilitaci\u00f3n profesional del autor del documento.<\/li>\r\n\r\n\r\n\r\n<li>Es la herramienta que certifica la autenticaci\u00f3n legal, registro y revisi\u00f3n formal de presentaci\u00f3n de los documentos requeridos.<\/li>\r\n\r\n\r\n\r\n<li>El visado comprender\u00e1 la revisi\u00f3n formal y documental, pero no supondr\u00e1 ni la sanci\u00f3n ni la correcci\u00f3n t\u00e9cnica del contenido del trabajo profesional, ni garantiza que el trabajo cumple con la normativa sectorial o t\u00e9cnica aplicable.<\/li>\r\n\r\n\r\n\r\n<li>Aquellos documentos con obligatoriedad de visado que no lo est\u00e9n no ser\u00e1n v\u00e1lidos ante la administraci\u00f3n.<\/li>\r\n<\/ul>\r\n\r\n\r\n\r\n<h3 class=\"gb-headline gb-headline-09f31bd2 gb-headline-text\"><strong>Tarifa de las tasas:<\/strong><\/h3>\r\n\r\n\r\n\r\n<p>(pr\u00f3ximamente)\u00a0<\/p>\r\n\r\n\r\n\r\n<h3 class=\"gb-headline gb-headline-95b625b0 gb-headline-text\"><strong>Listado de proyectos y trabajos que se pueden visar:<\/strong><\/h3>\r\n\r\n\r\n\r\n<p>(pr\u00f3ximamente)\u00a0<\/p>\r\n\r\n\r\n\r\n<h3 class=\"gb-headline gb-headline-65da7ea0 gb-headline-text\"><strong>\u00bfC\u00f3mo puedo visar mis trabajos?<\/strong><\/h3>\r\n\r\n\r\n\r\n<p>(pr\u00f3ximamente)\u00a0<\/p>\r\n\r\n\r\n\r\n<h2 class=\"gb-headline gb-headline-b9f9d082 gb-headline-text\"><strong>Reconocimiento de firma<\/strong><\/h2>\r\n\r\n\r\n\r\n<p>El reconocimiento de firma es el instrumento que garantiza la identificaci\u00f3n, reconocimiento y autenticaci\u00f3n de los datos del colegiado. Este servicio se utilizar\u00e1 con aquellos proyectos y estudios de los que no sea obligatorio su visado.<\/p>","protected":false},"excerpt":{"rendered":"<p>El visat i el reconeixement de signatura s\u00f3n dos dels serveis que ofereix el COAMBIB, i es troben definits a l\u2019article 28 dels estatuts del col\u00b7legi. La finalitat d\u2019aquest servei \u00e9s la de recon\u00e8ixer i acreditar de manera oficial els projectes, estudis i treballs redactats pels ambient\u00f2legs col\u00b7legiats de les Illes Balears. Visats de treballs &#8230; <\/p>\n<p class=\"read-more-container\"><a title=\"Visado y Reconocimiento de Firma\" class=\"read-more button\" href=\"https:\/\/www.coambib.org\/es\/servicios\/visado\/#more-285\" aria-label=\"Leer m\u00e1s sobre Visat i Reconeixement de Signatura\"> Leer m\u00e1s\u2026<\/a><\/p>","protected":false},"author":1,"featured_media":4290,"parent":100,"menu_order":0,"comment_status":"closed","ping_status":"closed","template":"","meta":{"_acf_changed":false,"footnotes":""},"class_list":["post-285","page","type-page","status-publish","has-post-thumbnail"],"acf":[],"_links":{"self":[{"href":"https:\/\/www.coambib.org\/es\/wp-json\/wp\/v2\/pages\/285","targetHints":{"allow":["GET"]}}],"collection":[{"href":"https:\/\/www.coambib.org\/es\/wp-json\/wp\/v2\/pages"}],"about":[{"href":"https:\/\/www.coambib.org\/es\/wp-json\/wp\/v2\/types\/page"}],"author":[{"embeddable":true,"href":"https:\/\/www.coambib.org\/es\/wp-json\/wp\/v2\/users\/1"}],"replies":[{"embeddable":true,"href":"https:\/\/www.coambib.org\/es\/wp-json\/wp\/v2\/comments?post=285"}],"version-history":[{"count":0,"href":"https:\/\/www.coambib.org\/es\/wp-json\/wp\/v2\/pages\/285\/revisions"}],"up":[{"embeddable":true,"href":"https:\/\/www.coambib.org\/es\/wp-json\/wp\/v2\/pages\/100"}],"wp:featuredmedia":[{"embeddable":true,"href":"https:\/\/www.coambib.org\/es\/wp-json\/wp\/v2\/media\/4290"}],"wp:attachment":[{"href":"https:\/\/www.coambib.org\/es\/wp-json\/wp\/v2\/media?parent=285"}],"curies":[{"name":"wp","href":"https:\/\/api.w.org\/{rel}","templated":true}]}}

<p>El visado y el reconocimiento de firma son dos de los servicios que ofrece el COAMBIB, y se encuentran definidos en el artículo 28 de los estatutos del colegio.</p>



<p>La finalidad de este servicio es la de reconocer y acreditar de forma oficial los proyectos, estudios y trabajos redactados por los ambientólogos colegiados de las Illes Balears.</p>



<h2 class="gb-headline gb-headline-720c61e2 gb-headline-text"><strong>Visados de trabajos profesionales</strong></h2>



<p>La importancia del visado:</p>



<ul class="wp-block-list">
<li>El visado garantiza la identidad, titulación y habilitación profesional del autor del documento.</li>



<li>Es la herramienta que certifica la autenticación legal, registro y revisión formal de presentación de los documentos requeridos.</li>



<li>El visado comprenderá la revisión formal y documental, pero no supondrá ni la sanción ni la corrección técnica del contenido del trabajo profesional, ni garantiza que el trabajo cumple con la normativa sectorial o técnica aplicable.</li>



<li>Aquellos documentos con obligatoriedad de visado que no lo estén no serán válidos ante la administración.</li>
</ul>



<h3 class="gb-headline gb-headline-09f31bd2 gb-headline-text"><strong>Tarifa de las tasas:</strong></h3>



<p>(próximamente) </p>



<h3 class="gb-headline gb-headline-95b625b0 gb-headline-text"><strong>Listado de proyectos y trabajos que se pueden visar:</strong></h3>



<p>(próximamente) </p>



<h3 class="gb-headline gb-headline-65da7ea0 gb-headline-text"><strong>¿Cómo puedo visar mis trabajos?</strong></h3>



<p>(próximamente) </p>



<h2 class="gb-headline gb-headline-b9f9d082 gb-headline-text"><strong>Reconocimiento de firma</strong></h2>



<p>El reconocimiento de firma es el instrumento que garantiza la identificación, reconocimiento y autenticación de los datos del colegiado. Este servicio se utilizará con aquellos proyectos y estudios de los que no sea obligatorio su visado.</p>

<p>El visat i el reconeixement de signatura són dos dels serveis que ofereix el COAMBIB, i es troben definits a l’article 28 dels estatuts del col·legi. La finalitat d’aquest servei és la de reconèixer i acreditar de manera oficial els projectes, estudis i treballs redactats pels ambientòlegs col·legiats de les Illes Balears. Visats de treballs &#8230; </p>
<p class="read-more-container"><a title="Visado y Reconocimiento de Firma" class="read-more button" href="https://www.coambib.org/es/servicios/visado/#more-285" aria-label="Leer más sobre Visat i Reconeixement de Signatura"> Leer más…</a></p>
